?
True
Is 1011487469 a prime number?
True
Is 253147247 prime?
True
Is 2102985973 composite?
True
Is 93931787858 prime?
False
Is 84599797 a prime number?
False
Is 4888676957 prime?
True
Is 4075173287 a composite number?
True
Is 562078109 a composite number?
True
Is 219265733 a composite number?
True
Is 1086554111 prime?
True
Is 386275349 prime?
True
Is 3687509537 composite?
True
Is 7603653641 prime?
True
Is 13061132141 a prime number?
True
Is 57804913913 a composite number?
False
Is 77192977777 prime?
True
Is 2914709753 prime?
False
Is 2036305457 a composite number?
False
Is 839773279 composite?
False
Is 17748984887 a composite number?
True
Is 1212933677 a prime number?
True
Is 266738965 composite?
True
Is 494036639 a composite number?
True
Is 71737400513 a prime number?
False
Is 823974757 prime?
True
Is 1437482999 composite?
True
Is 474497691 a composite number?
True
Is 11844748109 a composite number?
False
Is 15525439 composite?
False
Is 227815241 a prime number?
False
Is 4004373661 a prime number?
True
Is 5224255403 composite?
False
Is 7879199437 composite?
False
Is 8030915539 composite?
False
Is 3932753767 prime?
False
Is 5963653493 a prime number?
False
Is 188616291 a composite number?
True
Is 3431333881 composite?
True
Is 3363516743 composite?
True
Is 22083223201 a composite number?
True
Is 301374757 a composite number?
True
Is 3313360901 prime?
False
Is 554947039 composite?
True
Is 8089607689 a composite number?
True
Is 2520208637 a prime number?
True
Is 13046409463 a prime number?
False
Is 23329208191 prime?
True
Is 122500567 a composite number?
True
Is 485587651 a composite number?
False
Is 337576673 prime?
False
Is 575522891 composite?
True
Is 93334039702 a composite number?
True
Is 20947514587 a composite number?
True
Is 946292119 a composite number?
True
Is 1600936763 composite?
False
Is 34091300533 a composite number?
False
Is 1239851893 composite?
True
Is 1071772511 a composite number?
False
Is 10493216777 composite?
True
Is 1691979967 prime?
True
Is 2664028091 a prime number?
True
Is 2883456187 a prime number?
True
Is 82074616891 composite?
True
Is 10882637989 a prime number?
False
Is 3160341589 prime?
True
Is 26300051057 a composite number?
True
Is 114270391751 prime?
True
Is 125420039 a prime number?
False
Is 20444911931 a composite number?
False
Is 600812089 prime?
False
Is 1449880397 a prime number?
False
Is 8179554611 composite?
False
Is 964302893 prime?
False
Is 7608035395 a prime number?
False
Is 81346957 a prime number?
False
Is 111755659 prime?
False
Is 434876063 a prime number?
True
Is 4875340343 prime?
True
Is 532262917 prime?
True
Is 823868147 composite?
True
Is 2231210111 prime?
False
Is 2420587343 prime?
False
Is 14097241049 prime?
True
Is 41722049 composite?
True
Is 4139128573 a composite number?
True
Is 54013399403 a prime number?
True
Is 163391679257 a composite number?
False
Is 2192133049 a composite number?
True
Is 368334601 composite?
True
Is 69430591 a composite number?
True
Is 806323879 prime?
False
Is 84049878161 a composite number?
True
Is 1049969523 prime?
False
Is 8940851 prime?
False
Is 196720859 composite?
False
Is 229104259357 prime?
False
Is 226878899 a composite number?
True
Is 6538812809 prime?
False
Is 14311847899 composite?
True
Is 157249709 a prime number?
True
Is 11364118501 a composite number?
True
Is 9890449451 a composite number?
False
Is 29641630919 a prime number?
True
Is 47116631867 prime?
False
Is 144340841 composite?
True
Is 1442829781 a prime number?
True
Is 2845537999 a composite number?
False
Is 725162789 a prime number?
False
Is 11414852003 composite?
False
Is 12750345913 a composite number?
False
Is 209644733 a composite number?
True
Is 2237116342 composite?
True
Is 11560231 prime?
True
Is 51032492611 a composite number?
False
Is 1782994645 a prime number?
False
Is 16943884807 a prime number?
True
Is 6059776927 a composite number?
True
Is 9059737451 a composite number?
False
Is 12191176423 composite?
False
Is 1714603669 composite?
True
Is 10452096827 prime?
True
Is 1594086037 prime?
True
Is 742744697 prime?
False
Is 5900395313 prime?
True
Is 16132825363 a composite number?
False
Is 2482433389 a prime number?
False
Is 4763653751 a prime number?
True
Is 194196539 a composite number?
True
Is 338797489 prime?
False
Is 1488133679 composite?
True
Is 2316190229 a composite number?
True
Is 616813937 composite?
False
Is 12673765661 a composite number?
False
Is 25443751 prime?
True
Is 12686871779 composite?
False
Is 17599906927 a composite number?
False
Is 3677917811 composite?
True
Is 2588972495 composite?
True
Is 149861713 composite?
False
Is 47741037419 a composite number?
False
Is 991908706 a composite number?
True
Is 1100630877 a composite number?
True
Is 8684840279 a composite number?
True
Is 24712691 a prime number?
True
Is 5065870639 a composite number?
True
Is 21519466811 a prime number?
True
Is 136247109967 composite?
False
Is 56712197747 prime?
False
Is 918516917 prime?
True
Is 7091162153 a prime number?
True
Is 525352601 prime?
True
Is 14764039847 a composite number?
False
Is 2686894027 composite?
False
Is 326038679 a composite number?
True
Is 140320927 a prime number?
True
Is 4674968761 composite?
False
Is 6188329117 prime?
True
Is 6303136181 composite?
False
Is 8228837143 composite?
False
Is 1289973151 a prime number?
True
Is 31460879401 a prime number?
False
Is 545890309 composite?
False
Is 1031733317 prime?
True
Is 2160494527 prime?
False
Is 1931491469 a composite number?
False
Is 115802497 a composite number?
True
Is 2353514653 a prime number?
False
Is 2869576309 prime?
False
Is 11679999701 a prime number?
True
Is 8913491551 a prime number?
True
Is 452610961 a composite number?
True
Is 4088512553 prime?
True
Is 2745580787 a prime number?
False
Is 6149955289 a prime number?
False
Is 4262707751 prime?
True
Is 4057366043 prime?
True
Is 342117913 composite?
False
Is 9501317167 composite?
True
Is 4423967207 composite?
True
Is 17167405921 prime?
True
Is 1613031491 a prime number?
True
Is 287910137 a prime number?
True
Is 783710087 prime?
True
Is 10952043211 a composite number?
True
Is 43833609331 composite?
True
Is 283926749 prime?
True
Is 2654534539 a prime number?
True
Is 6177701293 prime?
True
Is 9796311071 prime?
True
Is 31722229697 composite?
False
Is 15021893129 a composite number?
False
Is 599791027 a prime number?
False
Is 1450165163 a prime number?
True
Is 16383361459 a composite number?
False
Is 1045806067 composite?
True
Is 549355591 a prime number?
False
Is 16355849 a composite number?
True
Is 15771781153 a prime number?
True
Is 89588513929 prime?
False
Is 54685345681 prime?
False
Is 6675574099 a prime number?
True
Is 2139522343 composite?
True
Is 3218083403 composite?
True
Is 4091649383 prime?
False
Is 2422247731 composite?
True
Is 482855915 a prime number?
False
Is 1491319243 prime?
True
Is 841805257 a composite number?
False
Is 93698951057 prime?
False
Is 127255951 prime?
False
Is 2023009913 prime?
False
Is 59813479121 a prime number?
False
Is 1447124909 prime?
True
Is 9613676641 composite?
False
Is 624405811 a composite number?
False
Is 102856852157 prime?
False
Is 4851106643 prime?
False
Is 4302617851 a prime number?
False
Is 1791594061 prime?
False
Is 618882773 a composite number?
True
Is 402354247 prime?
True
Is 180707272549 a prime number?
True
Is 4751355443 a prime number?
False
Is 670753183 prime?
True
Is 1747122173 a prime number?
False
Is 11844562837 a composite number?
False
Is 12410440541 a composite number?
True
Is 713215387 a prime number?
True
Is 19312931221 a composite number?
True
Is 2174732891 prime?
True
Is 105003097 prime?
False
Is 822200993 a composite number?
True
Is 27248845135 prime?
False
Is 1918259237 composite?
False
Is 9543934837 a composite number?
True
Is 13218189113 a composite number?
True
Is 1886662067 composite?
False
Is 7687753877 a composite number?
True
Is 84056602739 a composite number?
True
Is 8935276529 a prime number?
True
Is 34799488811 prime?
True
Is 21456914729 a prime number?
False
Is 175009997 a composite number?
False
Is 141007444309 prime?
False
Is 6650756309 a prime number?
True
Is 213480331 composite?
False
Is 18191078551 prime?
True
Is 9048880043 prime?
False
Is 7074757051 composite?
False
Is 10926069599 composi